85 - -33093. Is (-3)/((-21)/y) - -1 prime?
False
Let t(u) = u**3 + u**2 + 26. Let o(c) = -3*c + 54. Let d be o(18). Let l be t(d). Suppose -31*x + l*x + 10495 = 0. Is x a prime number?
True
Suppose 18*q = 168098 + 774328. Is q composite?
True
Let v(m) = 560*m**2 - 1106*m + 5. Is v(13) prime?
False
Let a(i) = 177*i**2 - 202*i - 61. Is a(-14) a prime number?
False
Let p be ((1 + -1)/1)/(1 + -3). Suppose 4*s = 2*u - p*u + 1314, 4*s = 5*u + 3315. Let d = u - -3446. Is d a composite number?
True
Let k = -3533 - -25398. Is k composite?
True
Let s(w) = w**2 + 9*w. Let g be s(-9). Let n(i) = -1483*i**3 - i - 1. Let o be n(-1). Suppose g = 7*x - o - 3480. Is x a prime number?
True
Suppose 0 = -3*l + 3*v - 9, -6*l - 9 = -3*l + 4*v. Suppose -42*q + 46*q + 4 = 0. Is q*(0 - (584 - l)) a composite number?
False
Let o(k) be the first derivative of 2*k**3 + 15*k**2/2 - 37*k + 1504. Suppose -2*m - 2*m = 64. Is o(m) a composite number?
False
Let s be -4 + (-1 - -8)*1. Suppose -2*k + 3*k = 2*x - 1, 2*x + s*k + 3 = 0. Suppose o + 219 = 5*t, -o + 211 = 5*t - x*o. Is t a prime number?
True
Let y = -30726 - -40597. Is y a composite number?
False
Suppose 245*p + 23138467 = 366*p. Is p a composite number?
False
Let a = -260 - -260. Suppose 3*d - 6784 + 643 = a. Is d composite?
True
Suppose 0 = -7*n + 23 + 75. Suppose 2*m - 1022 = -2*p + 1042, -2*p = -4*m + 4116. Suppose m = n*z - 12*z. Is z composite?
True
Let v be (-127)/(4*(25/340)/5). Let g = 6430 + v. Is g a prime number?
True
Let d(g) = -21*g**3 - 6*g**2 + 2*g - 6. Let y be d(-6). Let n be (-12)/(-16) + (-5 - (-9395)/(-4)). Let u = y + n. Is u a prime number?
True
Let g(n) = -13226*n**3 - 399*n**2 - 805*n - 5. Is g(-2) a prime number?
True
Suppose -57*m - 263*m - 126875336 = -445915656. Is m prime?
True
Let h(i) = -224*i**3 - 2*i**2 - 4*i + 1. Let s be h(-3). Let c = -572 + s. Is c a prime number?
True
Let d = -1 - 153. Let a be 1584/d - (0 + (-4)/14). Is ((-4786)/(-20) + (-2)/a)*4 prime?
False
Let s(h) = -h**3 - 7*h**2 - 7*h - 5. Let w be s(-6). Suppose 5*c - 3*c + m - w = 0, c - 3*m = -3. Suppose 0 = -4*t, -5*k - 2*t + t + 3595 = c. Is k prime?
True
Let a = -51156 - -86219. Is a a prime number?
False
Suppose -4*c + 761609 = 4*l - 1299799, 0 = 4*c - l - 2061403. Is c composite?
False
Let v be (-311553)/(-4) + 38/(-152). Suppose 0 = -5*t - o + 109539 - 12176, 4*t - v = -2*o. Is t composite?
True
Let w(l) = 13575*l + 1139. Is w(12) a composite number?
False
Let b(r) = r**3 + 70*r**2 - 36*r + 1346. Is b(-63) prime?
True
Let q(z) = -1170*z**3 + 27*z**2 - 6*z + 13. Is q(-4) a composite number?
True
Let f(o) be the second derivative of -29/2*o**2 - 8 - 121/6*o**3 + o. Is f(-18) prime?
False
Let g(k) = -10*k - 33*k**2 + 20 - k**3 - 20*k**2 + 73*k**2. Let n be g(13). Suppose -r - r + 2146 = c, -n = -r + c. Is r prime?
False
Suppose 0 = -5*d + 2*z + 5110, 5*d - 3*z - 2033 = 3*d. Suppose -3016 = -3*i - d. Let x = i + -441. Is x prime?
True
Let r(x) = -x**2 - 12*x + 6. Let w be r(-12). Suppose -w = -n - n. Is (-1)/6*-874*n a prime number?
False
Let s(l) = 2*l + 5. Let k be s(-3). Let j be 14 + (24/32)/(k/(-4)). Is 281*2 + j/17 prime?
True
Let m = -311 - -318. Suppose 11398 = m*y - 11695. Is y composite?
False
Suppose 0 = 35*j - 13605 - 50595 + 14395. Is j composite?
False
Let t(r) = -264*r**3 + r**2 + 9*r + 7. Is t(-4) a composite number?
False
Let u be (-87)/15 - 8/40. Let l(o) = 31*o**2 + 3*o - 11. Is l(u) a composite number?
False
Let j = -110517 + 298790. Is j a composite number?
False
Suppose -3*b + d + 673525 = 0, -13*d + 449008 = 2*b - 18*d. Is b a composite number?
True
Suppose -3*r - y + 17 = 0, 0*r - 2*r = -2*y - 22. Suppose 0 = 4*o - 23 + r. Suppose w + 0*h = -2*h + 333, -o*w = -3*h - 1376. Is w prime?
False
Let p be (-10 + 10)*2/4. Suppose b - 5*r = -3*b + 1307, 2*b + 4*r - 634 = p. Let q = b + 56. Is q composite?
False
Suppose 0 = -3*p - 85*q + 90*q + 145953, -2*q = 0. Is p composite?
True
Let b(q) = 26*q**2 - 125*q + 2038. Is b(77) a prime number?
False
Suppose 4*t = -r + 8, 19 = 4*r + 3*t - 0. Suppose -88 = u - 89, -2*j = 3*u - 15. Suppose -2*n + j*n + 2*v - 1796 = 0, -16 = r*v. Is n a composite number?
True
Suppose l - 2*l = -22327. Is l prime?
False
Suppose 0 = 5*z - 4*j - 77907, 10*j = -4*z + 12*j + 62322. Suppose -22*i = -31*i + z. Is i composite?
True
Let o(q) = 211502*q**2 - 4*q - 4. Let c be o(-1). Suppose 20*n - c - 822758 = 0. Is n composite?
False
Let b be -15 + (-57)/15 + (-12)/(-15). Is (3 + 372/b)*-3 composite?
False
Suppose -116027 + 18854 = -3*m + 6*w, 0 = -2*m + 5*w + 64778. Is m a composite number?
True
Let z(m) = 176438*m - 77. Is z(12) a composite number?
False
Let g = 327 + -315. Suppose g*b = -0*b + 76668. Is b composite?
False
Let k(b) = 234*b**2 + 970*b + 25. Is k(-42) a composite number?
False
Is 232085547/189 + 42/(-49) composite?
True
Suppose 44*v + a = 47*v - 1260718, 0 = -3*v + 4*a + 1260703. Is v a composite number?
False
Let v be (-18)/10*(-14 + 9). Let j(i) = i + 1. Let p be j(v). Suppose -5*b + p*b - 7655 = 0. Is b a prime number?
True
Let n(p) = 20*p**3 + p**2 + p + 12. Let y be n(8). Let v = y + -5951. Is v a prime number?
True
Let n(x) = 3*x**3 - 2*x - 5. Let p be n(2). Let d be p/(-25) - (-23)/5. Suppose d*o + 27 = 167. Is o prime?
False
Suppose 58*t = 29*t + 260594. Suppose 72*u - 74*u + t = 5*q, 3*u + q = 13479. Is u prime?
True
Suppose -5 = -6*p + 7. Suppose -p*i - 9 = -5*i. Suppose 5*t + i*q = -2*q + 2350, 0 = -5*t + 3*q + 2342. Is t a composite number?
True
Let y(b) = -2593*b - 11. Let r be y(7). Let w be r/(-14) - (1 + 20/(-28)). Suppose 0 = 5*u + z - 8812, 5*z - 451 = -u + w. Is u a prime number?
False
Suppose -3*y - 5*p = -34752, 5*p + 11564 = -8*y + 9*y. Is y prime?
True
Suppose -2*m + 13 = -0*m - 5*r, -m - 4*r = 13. Let f be m + 8/10 - (-52794)/45. Let n = -266 + f. Is n a composite number?
False
Let p(m) = -44*m**3 + 2*m**2 + 37*m + 73. Is p(-8) prime?
True
Suppose 6*x - 2*y = 2*x + 3378, 5*x + 4*y - 4242 = 0. Suppose -7*b + x = 11*b. Is b a composite number?
False
Let y(z) = -12885*z + 4234. Is y(-61) composite?
False
Let q be (-3221)/(-5 + 12/3). Is (-3)/(-9)*q*3 prime?
True
Let l = -9 + -61. Let m = l - -70. Suppose m = -10*y - 4*y + 7406. Is y a composite number?
True
Let y = -6791 - -102858. Is y prime?
False
Suppose 2*k - 3*i = 257153, -143*i = 2*k - 147*i - 257146. Is k composite?
True
Let r be (4 + (4 - 10))*(-6)/4. Suppose -j + r*v = -1786, -6*v = 2*j - 2*v - 3542. Is j a composite number?
False
Let u(z) = 178*z**2 - 23*z + 8. Is u(-11) a composite number?
False
Let q = 9 - 4. Suppose q*h = 21 + 24. Is (-3)/h*9/(-6)*1042 prime?
True
Suppose 10*v + 4*r = 12*v - 2048, -v + 1018 = -5*r. Suppose -5*m + 1977 = 207. Let c = v - m. Is c a composite number?
True
Suppose 5*l - 27 = 4*q + 15, 3*l + q = 32. Suppose r + 820 = 3*o - 5047, r - 1957 = -o. Suppose -4*t + l*t = o. Is t composite?
True
Is 1*((-11552508)/(-11))/2 + 7 prime?
False
Let b(s) = 4*s**2 - 2*s + 1. Let d(w) = w + 10. Let q be d(-9). Let x be b(q). Is (x/2)/((-24)/(-2512)) a prime number?
True
Let b = 190453 - 96852. Is b composite?
False
Suppose 147298 = 3*c - 5*v, 8*c + 5*v - 98157 = 6*c. Is c composite?
True
Suppose 28*k + 15998 = 26*k. Suppose -5*r + 11504 = -4*q - 46280, 23116 = 2*r - 4*q. Let w = k + r. Is w a prime number?
True
Let p be 8334298/210 - 6/45. Suppose 0 = 5*d - 13048 - p. Is d a composite number?
True
Let n(k) = 172*k**2 + 7*k - 10. Let m(q) = q - 3. Let z be m(5). Suppose 4*t = -z*t + 18. Is n(t) prime?
True
Suppose 5*l = -3 + 23, 2*b = 5*l + 20. Suppose 2*q = -w + 4*q - 490, -5*q + b = 0. Let o = 91 - w. Is o a composite number?
True
Let v be (189/1)/(1/(-2)). Let z be v/(-4)*2532/18. Suppose -10*k + 10817 = -z. Is k composite?
False
Let r be (8/28)/((-1)/14*-2). Suppose 3*k = -r*k + 955. Let h = k + -114. Is h a prime number?
False
Let t(u) = 4*u - 15. Let b(n) = -n. Let v be b(-5). Let k be t(v). Suppose 6*d = k*d + 118. Is d a prime number?
False
Suppose -5*t - 6 = -5*j - 56, -5*t + 42 = -j. Let m(c) = 4 - 3*c**2 - 2*c + t*c**2 - 6*c**2 + 18*c**2. Is m(-5) prime?
True
Let b be 2/12 - (100/24 - 8). Is (-2018)/(b - 230/55) composite?
True
Suppose -4*n + 10383 = 3*o, 5*n + 0*n - 12999 = 3*o. Let y = n - 1691. Is y prime?
True
Suppose -434*q + 53176984 + 210981022 = 0. I